{"id":120,"date":"2016-02-23T20:18:22","date_gmt":"2016-02-23T19:18:22","guid":{"rendered":"http:\/\/localhost\/abeton\/?page_id=120"},"modified":"2021-09-05T10:22:26","modified_gmt":"2021-09-05T08:22:26","slug":"foglalas","status":"publish","type":"page","link":"https:\/\/www.abeton.hu\/index.php\/foglalas\/","title":{"rendered":"Foglal\u00e1s"},"content":{"rendered":"<p style=\"text-align: center;\"><strong>Regisztr\u00e1ci\u00f3\/foglal\u00e1s menete:<br \/>\n<\/strong><br \/>\n&#8211; \u00edrj Nek\u00fcnk vagy h\u00edvj Minket<br \/>\n<span style=\"font-size: inherit;\">&#8211; gyere el, n\u00e9zd meg a termet<br \/>\n<\/span><span style=\"font-size: inherit;\">&#8211; szerz\u0151dj<br \/>\n<\/span><span style=\"font-size: inherit;\">&#8211; regisztr\u00e1lj a honlapon<br \/>\n<\/span>&#8211; foglalj a napt\u00e1rrendszer\u00fcnkben<br \/>\n&#8211; GYERE PR\u00d3B\u00c1LNI<\/p>\n<div style=\"margin-bottom: 6px\" class=\"btn btn-block btn-lg btn-danger\"><strong>Foglal\u00e1shoz el\u00f6ssz\u0151r be kell jelentkeznie!<\/strong><\/div>\n","protected":false},"excerpt":{"rendered":"<p>Regisztr\u00e1ci\u00f3\/foglal\u00e1s menete: &#8211; \u00edrj Nek\u00fcnk vagy h\u00edvj Minket &#8211; gyere el, n\u00e9zd meg a termet &#8211; szerz\u0151dj &#8211; regisztr\u00e1lj a honlapon &#8211; foglalj a napt\u00e1rrendszer\u00fcnkben &#8211; GYERE PR\u00d3B\u00c1LNI<\/p>\n","protected":false},"author":1,"featured_media":9996,"parent":0,"menu_order":0,"comment_status":"closed","ping_status":"closed","template":"","meta":[],"_links":{"self":[{"href":"https:\/\/www.abeton.hu\/index.php\/wp-json\/wp\/v2\/pages\/120"}],"collection":[{"href":"https:\/\/www.abeton.hu\/index.php\/wp-json\/wp\/v2\/pages"}],"about":[{"href":"https:\/\/www.abeton.hu\/index.php\/wp-json\/wp\/v2\/types\/page"}],"author":[{"embeddable":true,"href":"https:\/\/www.abeton.hu\/index.php\/wp-json\/wp\/v2\/users\/1"}],"replies":[{"embeddable":true,"href":"https:\/\/www.abeton.hu\/index.php\/wp-json\/wp\/v2\/comments?post=120"}],"version-history":[{"count":12,"href":"https:\/\/www.abeton.hu\/index.php\/wp-json\/wp\/v2\/pages\/120\/revisions"}],"predecessor-version":[{"id":10277,"href":"https:\/\/www.abeton.hu\/index.php\/wp-json\/wp\/v2\/pages\/120\/revisions\/10277"}],"wp:featuredmedia":[{"embeddable":true,"href":"https:\/\/www.abeton.hu\/index.php\/wp-json\/wp\/v2\/media\/9996"}],"wp:attachment":[{"href":"https:\/\/www.abeton.hu\/index.php\/wp-json\/wp\/v2\/media?parent=120"}],"curies":[{"name":"wp","href":"https:\/\/api.w.org\/{rel}","templated":true}]}}